{"id":13,"date":"2014-09-16T20:16:01","date_gmt":"2014-09-16T20:16:01","guid":{"rendered":"http:\/\/expertpsy.wordpress.com\/?page_id=13"},"modified":"2018-10-10T23:07:19","modified_gmt":"2018-10-10T20:07:19","slug":"cursuriworkshopuri","status":"publish","type":"page","link":"https:\/\/www.expertpsy.ro\/wordpress\/index.php\/centrul-expert-psy\/cursuriworkshopuri\/","title":{"rendered":"Workshopuri"},"content":{"rendered":"<p style=\"text-align: justify;\">Asocia\u021bia <strong>Expert Psy<\/strong> este acreditat\u0103 ca furnizor de formare profesional\u0103 de c\u0103tre Colegiul Psihologilor din Rom\u00e2nia sub nr.\u00a0RF-II-B-162\/2014.<\/p>\n<p style=\"text-align: justify;\">Speciali\u0219tii \u0219i colaboratorii Asocia\u021biei <strong>Expert Psy<\/strong> sus\u021bin urm\u0103toarele cursuri de formare continu\u0103:<\/p>\n<ol>\n<li><span style=\"color: #000000;\"><strong>Evaluare \u0219i expertiz\u0103 psihologic\u0103 clinic\u0103\u00a0pentru copil \u0219i familie,<\/strong>\u00a0Armand Veleanovici, Cristina Oprea, Cristian Petrescu, Cristiana Levi\u021bchi, Atena Stoica, Gabriela Dumitriu,\u00a0<strong>150 credite<\/strong><\/span><\/li>\n<li><span style=\"color: #000000;\"><strong>Evaluarea si expertiza psihologic\u0103 clinic\u0103 pentru copilul abuzat \/ neglijat<\/strong>, Armand Veleanovici, Gabriela Dumitriu, <strong>10 credite<\/strong><\/span><\/li>\n<li><span style=\"color: #000000;\"><strong>Evaluare, expertiz\u0103 \u0219i interven\u021bie psihologic\u0103 clinic\u0103 primar\u0103 \u00een abuzul sexual la copil,\u00a0<\/strong>Armand Veleanovici,\u00a0<strong>10 credite<\/strong><\/span><\/li>\n<li><span style=\"color: #000000;\"><strong>Evaluarea si expertiza psihologic\u0103 clinic\u0103 \u00een situa\u021bii de divor\u021b \u0219i alienare parental\u0103<\/strong>, Armand Veleanovici, Gabriela Dumitriu, <strong>10 credite<\/strong><\/span><\/li>\n<li><span style=\"color: #000000;\"><strong>Metode \u0219i tehnici utilizate \u00een evaluarea \u0219i expertiza psihologic\u0103 clinic\u0103 a copilului<\/strong>, Armand Veleanovici, <strong>10 credite<\/strong><\/span><\/li>\n<li><span style=\"color: #000000;\"><strong>Evaluare \u0219i interven\u021bie psihologic\u0103 \u00een cuplu<\/strong>, Cristiana Levi\u021bchi, <strong>10 credite<\/strong><\/span><\/li>\n<li><span style=\"color: #000000;\"><strong>Teste proiective de desen<\/strong>, Armand Veleanovici<\/span><\/li>\n<li><span style=\"color: #000000;\"><strong>Tehnici de interven\u021bie psihologic\u0103 primar\u0103 \u00een situa\u021bii de pierderi \u0219i doliu<\/strong>, Cristiana Levi\u021bchi, <strong>10 credite<\/strong><\/span><\/li>\n<li><span style=\"color: #000000;\"><strong>Tehnici de interven\u021bie psihologic\u0103 primar\u0103 \u00een cazuri de abuz \u0219i divor\u021b<\/strong>, Armand Veleanovici, Gabriela Dumitriu, <strong>10 credite<\/strong><\/span><\/li>\n<li><span style=\"color: #000000;\"><strong>Evaluare \u0219i interven\u021bie clinic\u0103 \u00een traum\u0103<\/strong>, Florina Bicoiu, <strong>10 credite\u00a0<\/strong><\/span><\/li>\n<li><span style=\"color: #000000;\"><strong>Evaluare clinic\u0103 \u00a0\u0219i interven\u021bie\u00a0pentru copiii cu tulburari de comunicare si<br \/>\n<\/strong><strong>tulburari specifice de invatare,\u00a0<\/strong>Atena Stoica, Gabriela Ianculescu, Carmen C\u0103lin<\/span><\/li>\n<li><span style=\"color: #000000;\"><strong>Tehnici expresiv \u2013 creative de interven\u021bie psihologic\u0103 primar\u0103: desen, colaj, modelaj, artgenogram\u0103<\/strong>, Armand Veleanovici, Gabriela Dumitriu<\/span><\/li>\n<li><span style=\"color: #000000;\"><strong>Tehnici expresiv \u2013 creative de interven\u021bie psihologic\u0103 primar\u0103: joc de rol, marionete, film, fotografie, instrumente muzicale<\/strong>, Armand Veleanovici, Gabriela Dumitriu<\/span><\/li>\n<li><span style=\"color: #000000;\"><strong>Evaluare clinic\u0103 \u0219i interven\u021bie pentru copiii cu nevoi speciale<\/strong>, Carmen C\u0103lin<\/span><\/li>\n<li><span style=\"color: #000000;\"><strong>Evaluarea clinic\u0103 a copilului cu tulbur\u0103ri somatoforme, de adaptare \u0219i alte tulbur\u0103ri diagnosticate \u00een perioada de sugar \u0219i copil\u0103rie<\/strong>, Cristiana Levi\u021bchi<\/span><\/li>\n<li><span style=\"color: #000000;\"><strong>Evaluarea clinic\u0103 a adultului<\/strong>, Armand Veleanovici<\/span><\/li>\n<li><span style=\"color: #000000;\"><strong>Evaluare \u0219i interven\u021bie \u00een familie prin metode \u0219i tehnici psihodinamice<\/strong>, Cristiana Levi\u021bchi<\/span><\/li>\n<li><span style=\"color: #000000;\"><strong>Tehnici expresiv-creative de evaluare \u0219i interven\u021bie \u00een familie<\/strong>,\u00a0Armand Veleanovici, Gabriela Dumitriu<\/span><\/li>\n<li><strong>Tehnici de interven\u021bie psihologic\u0103 primar\u0103\u00a0\u00een tulbur\u0103rile emo\u021bionale ale copilului,\u00a0<\/strong>Armand Veleanovici<\/li>\n<li><strong>Tehnici de interven\u021bie psihologic\u0103 primar\u0103\u00a0\u00een tulbur\u0103rile de aten\u021bie \u0219i comportament<\/strong>,\u00a0Armand Veleanovici<\/li>\n<li><strong>Interven\u021bia psihologic\u0103 \u00een cazul copiilor cu cerin\u021be educative speciale<\/strong>, Carmen C\u0103lin<\/li>\n<li><strong>Tehnici de interven\u021bie psihologic\u0103 primar\u0103\u00a0\u00een grup,\u00a0<\/strong>Armand Veleanovici<\/li>\n<li><strong>Tehnici de interven\u021bie psihologic\u0103 primar\u0103\u00a0\u00een tulbur\u0103rile anxioase \u0219i somatoforme,\u00a0<\/strong>Cristiana Levi\u021bchi<\/li>\n<li><strong>Tehnici de interven\u021bie psihologic\u0103 primar\u0103\u00a0\u00een cuplu,\u00a0<\/strong>Cristiana Levi\u021bchi<\/li>\n<\/ol>\n<p style=\"text-align: justify;\">\u00a0 \u00a0 Cursurile se desf\u0103\u0219oar\u0103 \u00een Bucure\u0219ti. Pot fi organizate \u0219i \u00een alte localit\u0103\u021bi, cu condi\u021bia form\u0103rii unui grup minim de 15 participan\u021bi.<\/p>\n<p style=\"text-align: justify;\">\n","protected":false},"excerpt":{"rendered":"<p>Asocia\u021bia Expert Psy este acreditat\u0103 ca furnizor de formare profesional\u0103 de c\u0103tre Colegiul Psihologilor din Rom\u00e2nia sub nr.\u00a0RF-II-B-162\/2014. Speciali\u0219tii \u0219i colaboratorii Asocia\u021biei Expert Psy sus\u021bin urm\u0103toarele cursuri de formare continu\u0103: Evaluare \u0219i expertiz\u0103 psihologic\u0103 clinic\u0103\u00a0pentru copil \u0219i familie,\u00a0Armand Veleanovici, Cristina Oprea, Cristian Petrescu, Cristiana Levi\u021bchi, Atena Stoica, Gabriela Dumitriu,\u00a0150 credite Evaluarea si expertiza psihologic\u0103 clinic\u0103 &hellip; <a href=\"https:\/\/www.expertpsy.ro\/wordpress\/index.php\/centrul-expert-psy\/cursuriworkshopuri\/\" class=\"more-link\">Continu\u0103 lectura <span class=\"screen-reader-text\">Workshopuri<\/span> <span class=\"meta-nav\">&rarr;<\/span><\/a><\/p>\n","protected":false},"author":1,"featured_media":1260,"parent":1210,"menu_order":80,"comment_status":"open","ping_status":"open","template":"","meta":{"footnotes":""},"class_list":["post-13","page","type-page","status-publish","has-post-thumbnail","hentry"],"_links":{"self":[{"href":"https:\/\/www.expertpsy.ro\/wordpress\/index.php\/wp-json\/wp\/v2\/pages\/13","targetHints":{"allow":["GET"]}}],"collection":[{"href":"https:\/\/www.expertpsy.ro\/wordpress\/index.php\/wp-json\/wp\/v2\/pages"}],"about":[{"href":"https:\/\/www.expertpsy.ro\/wordpress\/index.php\/wp-json\/wp\/v2\/types\/page"}],"author":[{"embeddable":true,"href":"https:\/\/www.expertpsy.ro\/wordpress\/index.php\/wp-json\/wp\/v2\/users\/1"}],"replies":[{"embeddable":true,"href":"https:\/\/www.expertpsy.ro\/wordpress\/index.php\/wp-json\/wp\/v2\/comments?post=13"}],"version-history":[{"count":6,"href":"https:\/\/www.expertpsy.ro\/wordpress\/index.php\/wp-json\/wp\/v2\/pages\/13\/revisions"}],"predecessor-version":[{"id":1281,"href":"https:\/\/www.expertpsy.ro\/wordpress\/index.php\/wp-json\/wp\/v2\/pages\/13\/revisions\/1281"}],"up":[{"embeddable":true,"href":"https:\/\/www.expertpsy.ro\/wordpress\/index.php\/wp-json\/wp\/v2\/pages\/1210"}],"wp:featuredmedia":[{"embeddable":true,"href":"https:\/\/www.expertpsy.ro\/wordpress\/index.php\/wp-json\/wp\/v2\/media\/1260"}],"wp:attachment":[{"href":"https:\/\/www.expertpsy.ro\/wordpress\/index.php\/wp-json\/wp\/v2\/media?parent=13"}],"curies":[{"name":"wp","href":"https:\/\/api.w.org\/{rel}","templated":true}]}}