{"id":148,"date":"2014-11-10T15:36:10","date_gmt":"2014-11-10T12:36:10","guid":{"rendered":"http:\/\/expertpsy.wordpress.com\/?page_id=148"},"modified":"2017-10-13T10:56:23","modified_gmt":"2017-10-13T07:56:23","slug":"cod-deontologic","status":"publish","type":"page","link":"https:\/\/www.expertpsy.ro\/wordpress\/index.php\/about\/cod-deontologic\/","title":{"rendered":"Cod etic"},"content":{"rendered":"<p>Extras din Statutul <strong>Asocia\u021biei Expert Psy<\/strong>:<\/p>\n<p>Art. 19. Membrii asocia\u0163iei au urm\u0103toarele obliga\u0163ii statutare:<\/p>\n<ul>\n<li><strong>s\u0103 cunoasc\u0103 \u0219i s\u0103 respecte Codul Deontologic al asocia\u021biei. P\u00e2n\u0103 la adoptarea de c\u0103tre adunarea general\u0103 a asocia\u021biei a unui cod deontologic propriu, codul deontologic al Asocia\u021biei va fi cel al Asocia\u021biei Americane de Psihologie (APA)<\/strong>.<\/li>\n<\/ul>\n<p style=\"text-align: center;\"><strong>Ethical Principles\u00a0of Psychologists and\u00a0Code of Conduct<\/strong><br \/>\n<strong>American Psychological Association<\/strong><\/p>\n<p><strong>INTRODUCTION AND APPLICABILITY<\/strong><br \/>\nThe American Psychological Association\u2019s (APA\u2019s)\u00a0Ethical Principles of Psychologists and Code of Conduct\u00a0(hereinafter referred to as the Ethics Code) consists of an Introduction,<br \/>\na Preamble, five General Principles (A\u2013E), and\u00a0specific Ethical Standards. The Introduction discusses the\u00a0intent, organization, procedural considerations, and scope of\u00a0application of the Ethics Code. The Preamble and General\u00a0Principles are aspirational goals to guide psychologists toward\u00a0the highest ideals of psychology. Although the Preamble and\u00a0General Principles are not themselves enforceable rules, they\u00a0should be considered by psychologists in arriving at an ethical\u00a0course of action. The Ethical Standards set forth enforceable\u00a0rules for conduct as psychologists. Most of the Ethical Standards\u00a0are written broadly, in order to apply to psychologists in\u00a0varied roles, although the application of an Ethical Standard\u00a0may vary depending on the context. The Ethical Standards are\u00a0not exhaustive. The fact that a given conduct is not specifically \u00a0addressed by an Ethical Standard does not mean that it is necessarily\u00a0either ethical or unethical.<br \/>\nThis Ethics Code applies only to psychologists\u2019 activities\u00a0that are part of their scientific, educational, or professional\u00a0roles as psychologists. Areas covered include but are<br \/>\nnot limited to the clinical, counseling, and school practice of\u00a0psychology; research; teaching; supervision of trainees; public\u00a0service; policy development; social intervention; development\u00a0of assessment instruments; conducting assessments;\u00a0educational counseling; organizational consulting; forensic\u00a0activities; program design and evaluation; and administration.<br \/>\nThis Ethics Code applies to these activities across a variety\u00a0of contexts, such as in person, postal, telephone, Internet,\u00a0and other electronic transmissions. These activities shall be<br \/>\ndistinguished from the purely private conduct of psychologists,\u00a0which is not within the purview of the Ethics Code.\u00a0Membership in the APA commits members and student<br \/>\naffiliates to comply with the standards of the APA Ethics\u00a0Code and to the rules and procedures used to enforce them.\u00a0Lack of awareness or misunderstanding of an Ethical Standard\u00a0is not itself a defense to a charge of unethical conduct.<br \/>\nThe procedures for filing, investigating, and resolving\u00a0complaints of unethical conduct are described in the current\u00a0Rules and Procedures of the APA Ethics Committee. APA may<br \/>\nimpose sanctions on its members for violations of the standards\u00a0of the Ethics Code, including termination of APA membership,\u00a0and may notify other bodies and individuals of its\u00a0actions. Actions that violate the standards of the Ethics Code\u00a0may also lead to the imposition of sanctions on psychologists\u00a0or students whether or not they are APA members by bodies\u00a0other than APA, including state psychological associations,\u00a0other professional groups, psychology boards, other state or \u00a0federal agencies, and payors for health services. In addition,\u00a0APA may take action against a member after his or her conviction\u00a0of a felony, expulsion or suspension from an affiliated state\u00a0psychological association, or suspension or loss of licensure.\u00a0When the sanction to be imposed by APA is less than expulsion,\u00a0the 2001 Rules and Procedures do not guarantee an opEffective\u00a0June 1, 2003, as amended 2010 <strong>Preamble\u2013Principle<\/strong><br \/>\n<strong>Principle A: Beneficence and Nonmaleficence<\/strong><br \/>\nPsychologists strive to benefit those with whom they\u00a0work and take care to do no harm. In their professional actions,\u00a0psychologists seek to safeguard the welfare and rights\u00a0of those with whom they interact professionally and other affected\u00a0persons, and the welfare of animal subjects of research.\u00a0When conflicts occur among psychologists\u2019 obligations or\u00a0concerns, they attempt to resolve these conflicts in a responsible\u00a0fashion that avoids or minimizes harm. Because psychologists\u2019\u00a0scientific and professional judgments and actions may\u00a0affect the lives of others, they are alert to and guard against\u00a0personal, financial, social, organizational, or political factors\u00a0that might lead to misuse of their influence. Psychologists<br \/>\nstrive to be aware of the possible effect of their own physical\u00a0and mental health on their ability to help those with whom\u00a0they work.<br \/>\n<strong>Principle B: Fidelity and Responsibility<\/strong><br \/>\nPsychologists establish relationships of trust with\u00a0those with whom they work. They are aware of their professional\u00a0and scientific responsibilities to society and to the specific<br \/>\ncommunities in which they work. Psychologists uphold\u00a0professional standards of conduct, clarify their professional\u00a0roles and obligations, accept appropriate responsibility for<br \/>\ntheir behavior, and seek to manage conflicts of interest that\u00a0could lead to exploitation or harm. Psychologists consult\u00a0with, refer to, or cooperate with other professionals and institutions\u00a0to the extent needed to serve the best interests of\u00a0those with whom they work. They are concerned about the\u00a0ethical compliance of their colleagues\u2019 scientific and professional\u00a0conduct. Psychologists strive to contribute a portion\u00a0of their professional time for little or no compensation or personal\u00a0advantage.<br \/>\n<strong>Principle C: Integrity<\/strong><br \/>\nPsychologists seek to promote accuracy, honesty, and\u00a0truthfulness in the science, teaching, and practice of psychology.\u00a0In these activities psychologists do not steal, cheat, or engage<br \/>\nin fraud, subterfuge, or intentional misrepresentation of\u00a0fact. Psychologists strive to keep their promises and to avoid\u00a0unwise or unclear commitments. In situations in which deception\u00a0may be ethically justifiable to maximize benefits and\u00a0minimize harm, psychologists have a serious obligation to\u00a0consider the need for, the possible consequences of, and their\u00a0responsibility to correct any resulting mistrust or other harmful\u00a0effects that arise from the use of such techniques.<br \/>\n<strong>Principle D: Justice<\/strong><br \/>\nPsychologists recognize that fairness and justice entitle\u00a0all persons to access to and benefit from the contributions\u00a0of psychology and to equal quality in the processes,\u00a0procedures, and services being conducted by psychologists.\u00a0Psychologists exercise reasonable judgment and take precautions\u00a0to ensure that their potential biases, the boundaries of\u00a0In the process of making decisions regarding their\u00a0professional behavior, psychologists must consider this Ethics\u00a0Code in addition to applicable laws and psychology board\u00a0regulations. In applying the Ethics Code to their professional\u00a0work, psychologists may consider other materials and guidelines\u00a0that have been adopted or endorsed by scientific and\u00a0professional psychological organizations and the dictates of\u00a0their own conscience, as well as consult with others within<br \/>\nthe field. If this Ethics Code establishes a higher standard of\u00a0conduct than is required by law, psychologists must meet the\u00a0higher ethical standard. If psychologists\u2019 ethical responsibilities\u00a0conflict with law, regulations, or other governing legal\u00a0authority, psychologists make known their commitment to\u00a0this Ethics Code and take steps to resolve the conflict in a responsible\u00a0manner in keeping with basic principles of human\u00a0rights.<\/p>\n<p style=\"text-align: center;\"><a title=\"Cod etic\" href=\"http:\/\/expertpsy.wordpress.com\/cod-deontologic\/\" target=\"_blank\" rel=\"noopener\">Textul integral poate fi desc\u0103rcat \u00een format PDF.<\/a><\/p>\n","protected":false},"excerpt":{"rendered":"<p>Extras din Statutul Asocia\u021biei Expert Psy: Art. 19. Membrii asocia\u0163iei au urm\u0103toarele obliga\u0163ii statutare: s\u0103 cunoasc\u0103 \u0219i s\u0103 respecte Codul Deontologic al asocia\u021biei. P\u00e2n\u0103 la adoptarea de c\u0103tre adunarea general\u0103 a asocia\u021biei a unui cod deontologic propriu, codul deontologic al Asocia\u021biei va fi cel al Asocia\u021biei Americane de Psihologie (APA). Ethical Principles\u00a0of Psychologists and\u00a0Code of &hellip; <a href=\"https:\/\/www.expertpsy.ro\/wordpress\/index.php\/about\/cod-deontologic\/\" class=\"more-link\">Continu\u0103 lectura <span class=\"screen-reader-text\">Cod etic<\/span> <span class=\"meta-nav\">&rarr;<\/span><\/a><\/p>\n","protected":false},"author":1,"featured_media":0,"parent":352,"menu_order":19,"comment_status":"open","ping_status":"open","template":"","meta":{"footnotes":""},"class_list":["post-148","page","type-page","status-publish","hentry"],"_links":{"self":[{"href":"https:\/\/www.expertpsy.ro\/wordpress\/index.php\/wp-json\/wp\/v2\/pages\/148","targetHints":{"allow":["GET"]}}],"collection":[{"href":"https:\/\/www.expertpsy.ro\/wordpress\/index.php\/wp-json\/wp\/v2\/pages"}],"about":[{"href":"https:\/\/www.expertpsy.ro\/wordpress\/index.php\/wp-json\/wp\/v2\/types\/page"}],"author":[{"embeddable":true,"href":"https:\/\/www.expertpsy.ro\/wordpress\/index.php\/wp-json\/wp\/v2\/users\/1"}],"replies":[{"embeddable":true,"href":"https:\/\/www.expertpsy.ro\/wordpress\/index.php\/wp-json\/wp\/v2\/comments?post=148"}],"version-history":[{"count":1,"href":"https:\/\/www.expertpsy.ro\/wordpress\/index.php\/wp-json\/wp\/v2\/pages\/148\/revisions"}],"predecessor-version":[{"id":1218,"href":"https:\/\/www.expertpsy.ro\/wordpress\/index.php\/wp-json\/wp\/v2\/pages\/148\/revisions\/1218"}],"up":[{"embeddable":true,"href":"https:\/\/www.expertpsy.ro\/wordpress\/index.php\/wp-json\/wp\/v2\/pages\/352"}],"wp:attachment":[{"href":"https:\/\/www.expertpsy.ro\/wordpress\/index.php\/wp-json\/wp\/v2\/media?parent=148"}],"curies":[{"name":"wp","href":"https:\/\/api.w.org\/{rel}","templated":true}]}}