{"id":65,"date":"2014-10-06T09:50:17","date_gmt":"2014-10-06T06:50:17","guid":{"rendered":"http:\/\/expertpsy.wordpress.com\/?page_id=65"},"modified":"2018-10-10T20:58:24","modified_gmt":"2018-10-10T17:58:24","slug":"servicii","status":"publish","type":"page","link":"https:\/\/www.expertpsy.ro\/wordpress\/index.php\/centrul-expert-psy\/servicii\/","title":{"rendered":"Servicii"},"content":{"rendered":"<p>Membrii <strong>Asocia\u021biei Expert Psy<\/strong>, cu o experien\u021b\u0103 profesional\u0103 practic\u0103 de peste 10 ani, v\u0103 \u00a0ofer\u0103 urm\u0103toarele servicii psihologice:<\/p>\n<p><strong>Supervizare psihologie clinic\u0103<br \/>\n<\/strong><\/p>\n<p><strong>Evalu\u0103ri psihologice pentru toate categoriile de v\u00e2rst\u0103<\/strong><\/p>\n<p><img loading=\"lazy\" decoding=\"async\" id=\"Picture154\" src=\"http:\/\/www.psiconsulting.ro\/assets\/images\/bubblesheetsmall.jpg\" alt=\"\" width=\"199\" height=\"178\" align=\"RIGHT\" border=\"1\" hspace=\"50\" vspace=\"0\" \/><\/p>\n<ul>\n<li>evaluare cognitiv\u0103, stabilire de IQ;<\/li>\n<li>evaluare neuropsihologic\u0103;<\/li>\n<li>evaluare comportamental\u0103;<\/li>\n<li>evaluarea st\u0103rii afective;<\/li>\n<li>evaluarea personalit\u0103\u0163ii;<\/li>\n<li>evaluarea dezvolt\u0103rii;<\/li>\n<li>evaluarea st\u0103rii de s\u0103n\u0103tate mintal\u0103;<\/li>\n<li>evaluarea discern\u0103m\u00e2ntului<\/li>\n<\/ul>\n<p style=\"text-align: right;\"><img loading=\"lazy\" decoding=\"async\" id=\"Picture159\" class=\"alignleft\" src=\"http:\/\/www.psiconsulting.ro\/assets\/images\/images.jpg\" alt=\"\" width=\"166\" height=\"166\" align=\"LEFT\" border=\"1\" hspace=\"40\" vspace=\"33\" \/>\u00a0<strong>Expertize psihologice judiciare \u015fi extrajudiciare pentru copii \u015fi adul\u0163i<\/strong>:<\/p>\n<ul>\n<li style=\"text-align: left;\">\u00een situa\u0163ii de abuz sau neglijare;<\/li>\n<li style=\"text-align: left;\">\u00een situa\u0163ii de violen\u0163\u0103 domestic\u0103;<\/li>\n<li style=\"text-align: left;\">evaluarea ata\u015famentului \u015fi a rela\u0163iilor cu p\u0103rin\u0163ii, pentru stabilirea custodiei minorilor, a domiciliului \u015fi a programului de vizitare;<\/li>\n<li style=\"text-align: left;\">evaluarea unor aspecte psihologice specifice cuplului sau familei;<\/li>\n<li style=\"text-align: left;\">evaluarea efectelor stresului posttraumatic \u015fi ale altor tulbur\u0103ri psihice \u00een cazul victimelor unor accidente, agresiuni sau alte forme de violen\u0163\u0103.<\/li>\n<\/ul>\n<p><strong>\u00a0 \u00a0Asistarea psihologic\u0103 a minorilor \u00een procedurile judiciare<\/strong>: la audiere sau interogatoriu, la poli\u0163ie, parchet, instan\u0163e judec\u0103tore\u015fti, \u00een situa\u0163ii de punere \u00een executare a unei hot\u0103r\u00e2ri judec\u0103tore\u015fti etc.<\/p>\n<p><strong>\u00a0 \u00a0Avize psihologice<\/strong> necesare pentru<\/p>\n<ul>\n<li>practicarea unei meserii sau profesii;<\/li>\n<li>comisia de evaluare a persoanelor cu handicap (adul\u0163i sau copii):\n<ul>\n<li>Fi\u0219a de evaluare psihologic\u0103 (anexa 8), teste de dezvoltare, teste IQ, Scala GAF, Scala Reisberg, MMSE, Testul Ceasului etc.<\/li>\n<\/ul>\n<\/li>\n<li>eliberarea unor medicamente.\u00a0\u00a0<strong>\u00a0<\/strong><\/li>\n<\/ul>\n<p><strong>Dezvoltare personal\u0103, optimizare, autocunoa\u015ftere, life coaching, NLP<\/strong><\/p>\n<ul>\n<li>Cresterea increderii in sine<\/li>\n<li>Imbunatirea imaginii de sine<\/li>\n<li>Cunoastere mai buna a sinelui<\/li>\n<li>Cresterea nevoii de autorealizare<\/li>\n<li>Optimizarea tuturor aspectelor vietii proprii (relatia cu sine, cu ceilalti)<\/li>\n<li>Optimizarea relatiilor interumane<\/li>\n<li>Folosirea resurselor pentru solutionarea problemelor din viata de zi cu zi<\/li>\n<li>Activarea resurselor creatoare si spirituale<\/li>\n<\/ul>\n<p><strong>Psihoterapie &#8211; consiliere psihologic\u0103\u00a0<\/strong><strong>individual\u0103 \u015fi de grup, pentru: adult, copil, cuplu, familie.<\/strong><\/p>\n<p><strong>Psihoterapie &#8211; consiliere psihologic\u0103\u00a0<\/strong><strong>individual\u0103:<\/strong><\/p>\n<ul>\n<li>preven\u0163ia \u015fi remiterea problemelor emo\u0163ionale, cognitive \u015fi de comportament<\/li>\n<li>probleme de relationare la serviciu si\/sau in familie<\/li>\n<li>stress acut<\/li>\n<li>tulbur\u0103ri de adaptare<\/li>\n<li>tulbur\u0103ri de stress posttraumatic(dupa experiente traumatizante &#8211; pierderi de orice fel &#8211; deces, divort, separ\u0103ri)<\/li>\n<li>tulburari de somn insomnii \u0219i hipersomnii<\/li>\n<li>lipsa increderii in sine, stima de sine joasa<\/li>\n<li>complexe de inferioritate \u0219i \/sau superioritate, sentiment de inferioritate<\/li>\n<li>probleme existen\u021biale, pierderea scopului \u00een via\u021b\u0103<\/li>\n<li>disfunc\u021bii sexuale psihogene<\/li>\n<li>tulburare de alimenta\u021bie(bulimie, ortorexie) \u0219i altele conexe (vigorexie)<\/li>\n<li>tulburari fobice(claustrofobie, fobie social\u0103, agorafobie,\u00a0arahnofobie, etc)<\/li>\n<li>tulburari obsesiv &#8211; compulsive<\/li>\n<li>adictii<\/li>\n<li>simptome de conversie \u00a0(paralizie isterica, parestezia, orbirea, surzenia psihogena, vomismente, diferitele senzatii de durere)<\/li>\n<li>anxietate generalizata \u0219i atacuri de panic\u0103<\/li>\n<li>tulburari psihosomatice \u0219i somatoforme- reac\u021bii ale corpului la situa\u021bii stresante de via\u021b\u0103:<\/li>\n<li>sindroame func\u021bionale &#8211; nevroze de organ &#8211; dureri de spate, crampe abdominale, dureri ale incheieturilor bra\u021belor \u0219i picioarelor, dureri abdominale sau de torace, probleme gastrointestinale: greata, vom\u0103, diaree \u0219i intoleran\u021ba alimentar\u0103, dificultati de urinare \u00een lipsa unei infec\u021bii sau altor probleme organice, probleme ale func\u021biilor sexuale)<\/li>\n<li>psihosomatoze (astm bronsic; colita ulceroas\u0103; hipertensiunea esential\u0103; artrita reumatoid\u0103; ulcerul duodenal; anorexia, cefalee psihogen\u0103, migrene, gastrita, nevroza cardiac\u0103)<\/li>\n<li>alte somatizari: cosmaruri; ameteli; palpitatii; ticuri; senzatie de lesin &#8211; lipotimii; probleme dermatologice &#8211; iritatii, eruptii, eczeme; enurezis, encomprezis)<\/li>\n<li><strong>Psihoterapie de cuplu :<\/strong>\n<ul>\n<li>probleme de comunicare\/rela\u021bionare<\/li>\n<li>probleme privind valorile cuplului<\/li>\n<li>probleme privind infidelitatea<\/li>\n<li>disfunc\u021bii sexuale psihogene \u00a0feminine &#8211; dispareunie, anorgasmie, frigiditate, vaginism<\/li>\n<li>disfunctii sexuale psihogene masculine &#8211; ejaculare precoce, disfunc\u021bie erectil\u0103, impoten\u021b\u0103 psihogen\u0103<\/li>\n<li>suport prenatal \u0219i post natal<\/li>\n<li>suport \u00een cazul unor evenimente stresante care influen\u021beaz\u0103 cuplul (venirea pe lume a unui copil, divor\u021bul, decesul unor persoane dragi etc)<\/li>\n<\/ul>\n<\/li>\n<\/ul>\n<p><strong>Psihoterapie de familie \u00a0<\/strong><\/p>\n<ul>\n<li>probleme de comunicare\/relationare<\/li>\n<li>atmosfera negativ\u0103 de familie<\/li>\n<li>solutionarea &#8222;conflictului \u00eentre generatii&#8221; &#8211; dezvoltarea strategiilor de consolidare a familiei<\/li>\n<li>definirea \u0219i clarificarea rela\u021biilor \u00eentre membri (limite, toleran\u021b\u0103 )<\/li>\n<li>suport \u00een cazul unor evenimente stresante care influen\u021beaz\u0103 cuplul \u0219i familia (venirea pe lume a unui copil, divor\u021bul, decesul unor persoane dragi \u0219i \u00een cazul altor traume etc)<\/li>\n<li>probleme specifice adolescen\u021bilor: timiditate , relatii conflictuale, tulbur\u0103ri de comportament, dependen\u021b\u0103 de calculator etc;<\/li>\n<li>probleme ale\u00a0 p\u0103rin\u021bilor: relationare deficitar\u0103 cu copiii, agresivitate, abuz etc;<\/li>\n<\/ul>\n<p><strong>Parenting :<\/strong><\/p>\n<p>Principii discutate si studiate in 8 sesiuni :<\/p>\n<ul>\n<li>intelegerea scopului pentru care copiii au un comportament neadecvat<\/li>\n<li>strategii de abordare a acestui comportament<\/li>\n<li>modalitati de incurajare pentru a ajuta copiii sa isi dezvolte increderea in sine<\/li>\n<li>utilizarea consecintelor naturale si logice in locul pedepselor \/ Ce inseamna consecinte naturale si logice<\/li>\n<li>dezvoltarea capacitatii de comunicare eficienta pentru a deveni mai buni ascultatori sau pentru a rezolva problemele mai usor<\/li>\n<li>dezvoltarea respectului reciproc intre parinti si copii<\/li>\n<li>dezvoltarea rutinei familiale si consecventei<\/li>\n<li>diminuare rivalitatilor si neintelegerilor intre frati (daca exista)<\/li>\n<li>Sesiuni in detaliu:<\/li>\n<li>discutii privind familia de baza in care ati crescut<\/li>\n<li>metodele abordate in familia dvs<\/li>\n<li>care e modul de educatie in familia dvs de acum \u2013 cum educati<\/li>\n<li>caracteristicile stilurilor parentale<\/li>\n<li>influenta asupra personalitatii \/ jocul numelui<\/li>\n<li>interesul social<\/li>\n<li>constelatia familieii<\/li>\n<li>atmosfera de familie descurajanta<\/li>\n<li>cele 4 comportamente necooperante<\/li>\n<li>scopurile gresite ale copilului<\/li>\n<li>recompensa<\/li>\n<li>cum incurajam<\/li>\n<li>critica si stima de sine<\/li>\n<li>negativ\/pozitiv<\/li>\n<li>caracteristicile incurajarii<\/li>\n<li>rezultate, incurajari, recompense<\/li>\n<li>comunicarea<\/li>\n<li>ce tip de mesaje folosim<\/li>\n<li>ce inseamna ascultarea activa<\/li>\n<li>consiliul de familie<\/li>\n<li>rivalitatea in fratie si rezolvarea conflictelor<\/li>\n<li>rasfat si supraprotectie<\/li>\n<li>rutina si consecventa<\/li>\n<\/ul>\n<p><strong>Constela\u021bii sistemice\/familiale <\/strong><\/p>\n<p><strong><b>Brainspotting<\/b><\/strong><\/p>\n<p><strong>Psihologia muncii<\/strong><\/p>\n<p>Evaluare, avizare, selec\u0163ie, training resurse umane<\/p>\n<ul>\n<li>evaluarea aptitudinilor \u015fi eliberare de aviz psihologic pentru protec\u0163ia muncii;<\/li>\n<li>evaluare, selec\u0163ie \u015fi expertiz\u0103 psihologic\u0103 \u00een vederea angaj\u0103rii, autoriz\u0103rii sau men\u0163inerii \u00een func\u0163ie;<\/li>\n<li>orientare \u015fcolar\u0103 \u015fi profesional\u0103.<\/li>\n<li>formare, orientare \u015fi reparti\u0163ie \u00een munc\u0103 dup\u0103 criterii psihologice;<\/li>\n<li>analiza psihologic\u0103 a muncii;<\/li>\n<\/ul>\n<p><strong>\u00a0 \u00a0Avize psihologice obligatorii<\/strong> la angajare \u015fi men\u0163inerea \u00een func\u0163ie, pentru:<\/p>\n<ul>\n<li>personal cu func\u0163ii de decizie;<\/li>\n<li>cadre didactice;<img loading=\"lazy\" decoding=\"async\" id=\"Picture155\" src=\"http:\/\/www.psiconsulting.ro\/assets\/images\/calculator.jpg\" alt=\"\" width=\"126\" height=\"152\" align=\"RIGHT\" border=\"1\" hspace=\"50\" vspace=\"0\" \/><\/li>\n<li>personal sanitar superior, mediu \u015fi personal educativ;<\/li>\n<li>persoane care lucreaz\u0103 la \u00een\u0103l\u0163ime;<\/li>\n<li>persoane care lucreaz\u0103 \u00een condi\u0163ii de zgomot:<\/li>\n<li>persoane care lucreaz\u0103 \u00een condi\u0163ii de izolare:<\/li>\n<li>persoane care lucreaz\u0103 \u00een tura de noapte:<\/li>\n<li>persoane care lucreaz\u0103 \u00een c\u00e2mpuri de electrofrecven\u0163\u0103,<\/li>\n<li>persoane care manipuleaz\u0103 substan\u0163e toxice \u015fi stupefiante;<\/li>\n<li>persoane care lucreaz\u0103 \u00een subteran;<\/li>\n<li>persoane care conduc autoturismul firmei;<\/li>\n<li>cet\u0103\u0163eni str\u0103ini care lucreaz\u0103 \u00een Rom\u00e2nia;<\/li>\n<li>sus\u0163inere concurs (admitere) pentru notar, avocat, mediator etc.<\/li>\n<li>admitere institu\u0163ii de \u00eenv\u0103\u0163\u0103m\u00e2nt (ex: Institutul Na\u0163ional al Magistraturii);<\/li>\n<li>angajarea in structurile antifraud\u0103 (Agen\u0163ia Na\u0163ional\u0103 de Integritate, ANAF).<\/li>\n<\/ul>\n<p><strong>Psihologia transporturilor<\/strong><\/p>\n<p>Aviz psihologic pentru ob\u0163inerea permisului de conducere, categoriile A, A1, AM, B, B1, C, C1, D, D1.<\/p>\n<p><strong>Workshop-uri<\/strong><\/p>\n<p>Formare continu\u0103 \u015fi specializare, cu sau f\u0103r\u0103 acordare de credite CPR (10 ore &#8211; 10 credite)<\/p>\n<ul>\n<li>Abuzul \u015fi neglijarea copilului<\/li>\n<li>Evaluarea clinic\u0103 a copilului<\/li>\n<li>Evaluarea clinic\u0103 a adultului<\/li>\n<li>Evaluare \u015fi interven\u0163ie pentru copiii cu nevoi speciale<\/li>\n<li>Teste proiective de desen<\/li>\n<li>Introducere \u00een testul Rorschach<\/li>\n<li>Introducere \u00een testul Szondi<\/li>\n<li>Tehnici de comunicare<\/li>\n<\/ul>\n<p><strong>Alte workshopuri de dezvoltare personal\u0103 pe diverse teme (pentru profesionisti din domeniul psi \u0219i persoane interesate)<br \/>\n<\/strong><\/p>\n<p><strong>Programe de practic\u0103<\/strong><\/p>\n<p>Programe de practic\u0103 pentru studen\u0163i sau masteranzi &#8211; Psihologie clinic\u0103 \u015fi Psihologia muncii.<\/p>\n<ul>\n<li>Universitatea Bucure\u015fti<\/li>\n<li>Universitatea Titu Maiorescu<\/li>\n<li>Universitatea Hyperion<\/li>\n<li>Universitatea Spiru Haret<\/li>\n<li>Universitatea Ecologic\u0103<\/li>\n<\/ul>\n","protected":false},"excerpt":{"rendered":"<p>Membrii Asocia\u021biei Expert Psy, cu o experien\u021b\u0103 profesional\u0103 practic\u0103 de peste 10 ani, v\u0103 \u00a0ofer\u0103 urm\u0103toarele servicii psihologice: Supervizare psihologie clinic\u0103 Evalu\u0103ri psihologice pentru toate categoriile de v\u00e2rst\u0103 evaluare cognitiv\u0103, stabilire de IQ; evaluare neuropsihologic\u0103; evaluare comportamental\u0103; evaluarea st\u0103rii afective; evaluarea personalit\u0103\u0163ii; evaluarea dezvolt\u0103rii; evaluarea st\u0103rii de s\u0103n\u0103tate mintal\u0103; evaluarea discern\u0103m\u00e2ntului \u00a0Expertize psihologice judiciare \u015fi &hellip; <a href=\"https:\/\/www.expertpsy.ro\/wordpress\/index.php\/centrul-expert-psy\/servicii\/\" class=\"more-link\">Continu\u0103 lectura <span class=\"screen-reader-text\">Servicii<\/span> <span class=\"meta-nav\">&rarr;<\/span><\/a><\/p>\n","protected":false},"author":1,"featured_media":0,"parent":1210,"menu_order":20,"comment_status":"open","ping_status":"open","template":"","meta":{"footnotes":""},"class_list":["post-65","page","type-page","status-publish","hentry"],"_links":{"self":[{"href":"https:\/\/www.expertpsy.ro\/wordpress\/index.php\/wp-json\/wp\/v2\/pages\/65","targetHints":{"allow":["GET"]}}],"collection":[{"href":"https:\/\/www.expertpsy.ro\/wordpress\/index.php\/wp-json\/wp\/v2\/pages"}],"about":[{"href":"https:\/\/www.expertpsy.ro\/wordpress\/index.php\/wp-json\/wp\/v2\/types\/page"}],"author":[{"embeddable":true,"href":"https:\/\/www.expertpsy.ro\/wordpress\/index.php\/wp-json\/wp\/v2\/users\/1"}],"replies":[{"embeddable":true,"href":"https:\/\/www.expertpsy.ro\/wordpress\/index.php\/wp-json\/wp\/v2\/comments?post=65"}],"version-history":[{"count":1,"href":"https:\/\/www.expertpsy.ro\/wordpress\/index.php\/wp-json\/wp\/v2\/pages\/65\/revisions"}],"predecessor-version":[{"id":1277,"href":"https:\/\/www.expertpsy.ro\/wordpress\/index.php\/wp-json\/wp\/v2\/pages\/65\/revisions\/1277"}],"up":[{"embeddable":true,"href":"https:\/\/www.expertpsy.ro\/wordpress\/index.php\/wp-json\/wp\/v2\/pages\/1210"}],"wp:attachment":[{"href":"https:\/\/www.expertpsy.ro\/wordpress\/index.php\/wp-json\/wp\/v2\/media?parent=65"}],"curies":[{"name":"wp","href":"https:\/\/api.w.org\/{rel}","templated":true}]}}