{"id":671,"date":"2016-01-07T07:35:44","date_gmt":"2016-01-07T07:35:44","guid":{"rendered":"http:\/\/www.expertpsy.ro\/wordpress\/?page_id=671"},"modified":"2018-10-10T21:07:35","modified_gmt":"2018-10-10T18:07:35","slug":"671-2","status":"publish","type":"page","link":"https:\/\/www.expertpsy.ro\/wordpress\/index.php\/editura\/671-2\/","title":{"rendered":"Revista Expert Psy"},"content":{"rendered":"<p><strong><a href=\"https:\/\/expertpsyjournal.wordpress.com\/\" target=\"_blank\" rel=\"noopener\">Revista de Psihologie clinic\u0103 \u0219i Psihoterapie\u00a0<\/a><\/strong><\/p>\n<p>este editat\u0103 sub\u00a0egida <strong>Asocia\u021biei Expert Psy<\/strong>.<\/p>\n<p>Sunt publicate \u00een form\u0103 electronic\u0103 studii \u0219i cercet\u0103ri \u00een<a href=\"https:\/\/www.expertpsy.ro\/wordpress\/wp-content\/uploads\/2016\/06\/Coperta_Revista-final-1-pag.jpg\"><img loading=\"lazy\" decoding=\"async\" class=\"size-medium wp-image-962 alignright\" src=\"https:\/\/www.expertpsy.ro\/wordpress\/wp-content\/uploads\/2016\/06\/Coperta_Revista-final-1-pag-212x300.jpg\" alt=\"Coperta_Revista final 1 pag\" width=\"212\" height=\"300\" srcset=\"https:\/\/www.expertpsy.ro\/wordpress\/wp-content\/uploads\/2016\/06\/Coperta_Revista-final-1-pag-212x300.jpg 212w, https:\/\/www.expertpsy.ro\/wordpress\/wp-content\/uploads\/2016\/06\/Coperta_Revista-final-1-pag-768x1088.jpg 768w, https:\/\/www.expertpsy.ro\/wordpress\/wp-content\/uploads\/2016\/06\/Coperta_Revista-final-1-pag-723x1024.jpg 723w\" sizes=\"auto, (max-width: 212px) 100vw, 212px\" \/><\/a> domenii precum Psihologia\u00a0clinic\u0103, Psihoterapia, Expertiza psihologic\u0103; informa\u021bii privind instrumente de psihodiagnostic; evenimente profesionale; recenzii.<\/p>\n<p>Semestrial, comitetul de redac\u021bie va selecta cele mai valoroase articole, care vor fi publicate \u00een varianta tip\u0103rit\u0103 a revistei.<\/p>\n<p>Revista se adreseaz\u0103 profesioni\u0219tilor din Psihologie \u0219i domenii conexe \u2013 medicin\u0103, asisten\u0163\u0103 social\u0103, sociologie, psihopedagogie special\u0103, precum \u015fi publicului larg.<\/p>\n<p><strong>Comitetul de redac\u021bie:<\/strong><\/p>\n<ul>\n<li>Armand VELEANOVICI, PhD, psih. pr. \u2013 coordonator<\/li>\n<li>Valentina OL\u0102RESCU, PhD, conferen\u021biar universitar<\/li>\n<li>Cristiana LEVI\u021aCHI,\u00a0psih. pr.<\/li>\n<li>Gabriela DUMITRIU, PhDs, psih. sp.<\/li>\n<\/ul>\n<p><strong>Publicarea articolelor<\/strong><\/p>\n<p>Propunerile de articole se trimit pe adresa <a href=\"mailto:revista@expertpsy.ro\">revista@expertpsy.ro<\/a>. Documentul trebuie s\u0103 fie \u00een form\u0103 final\u0103, cu aranjare \u00een pagin\u0103 \u015fi diacritice, \u00eenso\u021bit de o scurt\u0103 prezentare a autorului\/autorilor. Articolele primite intr\u0103 \u00een procesul de selec\u0163ie. \u00cen func\u021bie de decizia Comitetului de redac\u021bie, acestea pot fi publicate \u00een forma electronic\u0103 \u0219i\/sau tip\u0103rit\u0103 a revistei.<\/p>\n<ul>\n<li><strong>Num\u0103rul 4 &#8211; 2017<\/strong>\u00a0al Revistei, ap\u0103rut \u00een luna decembrie 2017, poate fi desc\u0103rcat de\u00a0<a href=\"https:\/\/expertpsyjournal.files.wordpress.com\/2017\/12\/revista-nr-4-2017-site1.pdf\" target=\"_blank\" rel=\"noopener\">aici<\/a>.<\/li>\n<li><strong>Num\u0103rul 3 &#8211; 2017<\/strong>\u00a0al Revistei, ap\u0103rut \u00een luna iunie 2017, poate fi desc\u0103rcat de\u00a0<a href=\"https:\/\/expertpsyjournal.files.wordpress.com\/2017\/07\/revista-psihologie-clinica-si-psihoterapie-nr-3-pentru-site-r.pdf\" target=\"_blank\" rel=\"noopener\">aici<\/a>.<\/li>\n<li><strong>Num\u0103rul 2 &#8211; 201<\/strong>6\u00a0al Revistei, ap\u0103rut \u00een luna octombrie 2016, poate fi desc\u0103rcat de\u00a0<a href=\"https:\/\/expertpsyjournal.files.wordpress.com\/2016\/01\/revista-psihologie-clinica-si-psihoterapie-nr-2-pt-site-r.pdf\" target=\"_blank\" rel=\"noopener\">aici<\/a>.<\/li>\n<li><strong>Num\u0103rul 1 &#8211; 2016<\/strong> al Revistei, ap\u0103rut \u00een luna aprilie\u00a02016, poate fi desc\u0103rcat de <strong><a href=\"https:\/\/expertpsyjournal.files.wordpress.com\/2016\/04\/revista-psihologie-clinica-si-psihoterapie-nr-1-2016-online.pdf\" target=\"_blank\" rel=\"noopener\">aici<\/a><\/strong>.<\/li>\n<\/ul>\n","protected":false},"excerpt":{"rendered":"<p>Revista de Psihologie clinic\u0103 \u0219i Psihoterapie\u00a0 este editat\u0103 sub\u00a0egida Asocia\u021biei Expert Psy. Sunt publicate \u00een form\u0103 electronic\u0103 studii \u0219i cercet\u0103ri \u00een domenii precum Psihologia\u00a0clinic\u0103, Psihoterapia, Expertiza psihologic\u0103; informa\u021bii privind instrumente de psihodiagnostic; evenimente profesionale; recenzii. Semestrial, comitetul de redac\u021bie va selecta cele mai valoroase articole, care vor fi publicate \u00een varianta tip\u0103rit\u0103 a revistei. Revista &hellip; <a href=\"https:\/\/www.expertpsy.ro\/wordpress\/index.php\/editura\/671-2\/\" class=\"more-link\">Continu\u0103 lectura <span class=\"screen-reader-text\">Revista Expert Psy<\/span> <span class=\"meta-nav\">&rarr;<\/span><\/a><\/p>\n","protected":false},"author":1,"featured_media":962,"parent":517,"menu_order":1,"comment_status":"closed","ping_status":"closed","template":"","meta":{"footnotes":""},"class_list":["post-671","page","type-page","status-publish","has-post-thumbnail","hentry"],"_links":{"self":[{"href":"https:\/\/www.expertpsy.ro\/wordpress\/index.php\/wp-json\/wp\/v2\/pages\/671","targetHints":{"allow":["GET"]}}],"collection":[{"href":"https:\/\/www.expertpsy.ro\/wordpress\/index.php\/wp-json\/wp\/v2\/pages"}],"about":[{"href":"https:\/\/www.expertpsy.ro\/wordpress\/index.php\/wp-json\/wp\/v2\/types\/page"}],"author":[{"embeddable":true,"href":"https:\/\/www.expertpsy.ro\/wordpress\/index.php\/wp-json\/wp\/v2\/users\/1"}],"replies":[{"embeddable":true,"href":"https:\/\/www.expertpsy.ro\/wordpress\/index.php\/wp-json\/wp\/v2\/comments?post=671"}],"version-history":[{"count":11,"href":"https:\/\/www.expertpsy.ro\/wordpress\/index.php\/wp-json\/wp\/v2\/pages\/671\/revisions"}],"predecessor-version":[{"id":1377,"href":"https:\/\/www.expertpsy.ro\/wordpress\/index.php\/wp-json\/wp\/v2\/pages\/671\/revisions\/1377"}],"up":[{"embeddable":true,"href":"https:\/\/www.expertpsy.ro\/wordpress\/index.php\/wp-json\/wp\/v2\/pages\/517"}],"wp:featuredmedia":[{"embeddable":true,"href":"https:\/\/www.expertpsy.ro\/wordpress\/index.php\/wp-json\/wp\/v2\/media\/962"}],"wp:attachment":[{"href":"https:\/\/www.expertpsy.ro\/wordpress\/index.php\/wp-json\/wp\/v2\/media?parent=671"}],"curies":[{"name":"wp","href":"https:\/\/api.w.org\/{rel}","templated":true}]}}